9). Let c = 3 + x. What is the units digit of 5/c - (-7)/(-14)?
2
Let a = 4 + -2. Let l be 1/(a/16) + 2. What is the units digit of 7 + -1 - l/(-5)?
8
Suppose -6 = -2*r, -3*q + 143 + 124 = 3*r. What is the tens digit of q?
8
Let x(q) = -q**3 + 10*q**2 + 20*q - 16. What is the tens digit of x(11)?
8
Let r be (-25)/(-10) - 3/(-2). Let d(x) = x + 2. What is the units digit of d(r)?
6
Suppose -114 = -0*t - 3*t. What is the units digit of t?
8
Let r(j) = -j. Let a = -7 + 2. What is the units digit of r(a)?
5
Let j = 8 - 6. Let u(h) = h**3 - 2*h**2 + 2*h + 2. Let g be u(j). What is the units digit of (g/8)/(2/8)?
3
Let s(l) be the second derivative of l**5/20 + l**3/6 + 3*l**2/2 - l. What is the units digit of s(0)?
3
Let x = -22 + 88. What is the tens digit of x?
6
Suppose 4*w + 52 = 6*w. Let x(r) = -r - 8. Let l be x(-11). Suppose -l*q = -w + 2. What is the units digit of q?
8
Suppose -4*j - 88 = -2*c, -3*j - 60 = -c - 11. What is the units digit of c?
4
Let s(k) = -k**3 + 3*k**2 + 4*k - 2. What is the tens digit of s(-4)?
9
Let s = -6 + 3. Let g(i) = i**3 + i**2 - 1. Let m(b) = 5*b**3 + 3*b**2 + b - 10. Let a(f) = 6*g(f) - m(f). What is the units digit of a(s)?
7
Suppose -5*t + 11 + 39 = -z, 0 = -5*z. What is the tens digit of t?
1
Suppose z = -5*k + 55, -2*z - k = 4 - 87. Suppose -3*r = d - 41, -106 = -5*r - 4*d - z. What is the units digit of r?
4
Let d(z) = 2*z**2 - 3*z + 15. Let f(y) = y**2 - y + 8. Let t(g) = 3*d(g) - 5*f(g). What is the units digit of t(5)?
0
Let n = 48 - 31. What is the units digit of n?
7
Suppose z - 2 = -0. Let w = 1 + z. Let d = w + 4. What is the units digit of d?
7
Let w = -8 + 47. Suppose 2*m - 48 = -4*b, -5*m + 4 = 3*b - w. What is the tens digit of b?
1
Let t = 57 - 24. Suppose 6*f - 5*v - t = 4*f, -4*v + 49 = f. Suppose 6 + f = 5*x. What is the units digit of x?
7
Let m(s) = 2*s - 3. Suppose 0*p - 44 = -4*p. What is the units digit of m(p)?
9
Let w(x) = 7*x + 6. Let r(p) = -21*p - 17. Let d(m) = -4*r(m) - 11*w(m). What is the tens digit of d(2)?
1
Let t(a) = a**3 + 5 - 1 + 1 - 15*a - 2 - 8*a**2. What is the units digit of t(10)?
3
Let v = 84 + -44. Let c = v - 29. What is the tens digit of c?
1
Suppose -5*t - 10 = -35. Suppose n = t*r - 73, -14 = -5*r + 3*n + 55. What is the units digit of r?
5
Let y(s) = -4*s + 9. Let h(w) = -w**3 - 6*w**2 - 2*w - 6. Let x be h(-6). Let l(u) = -4*u + 10. Let r(j) = x*l(j) - 7*y(j). What is the units digit of r(2)?
5
Let h be 31/6 - 2/12. Suppose 0 = -3*o - 0*x + 3*x - 3, -h*o - 5 = -4*x. What is the units digit of (o - -3)/((-2)/(-9))?
9
Suppose 8*b - 1202 = -154. What is the tens digit of b?
3
Let g(q) be the first derivative of -q**3/3 - q**2/2 + 5*q - 3. What is the units digit of g(0)?
5
Let h(k) = 3 + 2 + k - 2. Let m be h(-3). Suppose 0*v + v + 1 = m, 5*l = -3*v + 82. What is the units digit of l?
7
Let w = -4 - -3. Let z be -2 - (w*2 - -3). What is the units digit of 2 + (-2 - -2)/z?
2
Suppose 0 = -2*p - 8, 4*p + 7 = -2*x - 77. Let g = 128 + x. What is the units digit of g/12 + 1/6?
8
Let t be ((-2)/(-3))/((-4)/(-114)). Suppose 2*c - 17 - t = 0. Suppose -4*b + 2 = -10, 0 = -3*r + b + c. What is the units digit of r?
7
Let g(v) = -v - 5. Let s be g(-5). Let c(z) = -z**2 + 5*z + 11. Let y(a) = -a**2 + 6*a + 12. Let i(o) = 6*c(o) - 5*y(o). What is the units digit of i(s)?
6
Let s = 49 + -65. Let k be 1/((-1)/23) - -1. Let a = s - k. What is the units digit of a?
6
Let w(t) = -t + 22. Let f(b) = -1. Let x(n) = 2*f(n) + w(n). What is the tens digit of x(10)?
1
Let c(g) = -5 + g + 5. What is the units digit of c(6)?
6
Let s be (14/(-10))/((-5)/25). Suppose s = 2*d - 5. What is the units digit of d?
6
Let m(y) = -2*y - 8. Let w be m(-8). Suppose -2*t + 10 = -w. What is the units digit of t?
9
Suppose 0 = -5*s - 1 + 11. Let r be (s - -1)/3 - -12. Suppose -2*o - x = 3*x + 2, 2*o + x = r. What is the units digit of o?
9
Let n be 3 - 0/(6/(-3)). Let y = n + 0. What is the units digit of y?
3
Let z = -8 - -9. What is the tens digit of 28 + (z - 1) + -2?
2
Let w(r) = 21*r**3 + r**2 + r + 1. Let u be w(-1). Let i be (u/(-16))/(1/(-4)). Let q = 7 + i. What is the units digit of q?
2
Let l(x) = x**3 + 7*x**2 - x - 5. Let y(k) = -k**3 - 8*k**2 + 8*k - 8. Let q be y(-9). Let a be -9*q - 6/(-3). What is the units digit of l(a)?
2
Let h(u) = 7*u**3 + 15*u**2 - 3*u - 3. Let x(t) = 4*t**3 + 8*t**2 - 2*t - 1. Let y(s) = -3*h(s) + 5*x(s). What is the units digit of y(-5)?
9
Let d be (-38)/(-14) - 2/(-7). Suppose -5*l - 5*p = -5, -4*l + d = -2*l + p. Suppose -2*a + 56 = l*a. What is the tens digit of a?
1
Let f be ((-6)/9)/2*-69. Suppose -n + 3*m - 9 = 0, 4*m - 8*m = n + f. Let d = 21 + n. What is the units digit of d?
6
Let r be 40/6 + (-3)/(-9). Let i(a) = -a**2 + 7*a + 7. What is the units digit of i(r)?
7
Let h = 2 + 48. Suppose 4*u + 20 = 0, n + 3*u + h = 6*n. What is the units digit of n?
7
Suppose -4*c + 8 = -2*c. Suppose 5*t + c*p = 23 + 89, -3*t - 3*p + 69 = 0. What is the units digit of t?
0
Suppose -i + 3*r = -54, 2*i + 0*r = -3*r + 63. Let j = i - 28. What is the tens digit of j?
1
Let p = 11 + -16. Let o be -1 + 4 + p + 4. Suppose -o*f - 5*c + 26 + 4 = 0, 0 = 4*f + c - 42. What is the tens digit of f?
1
Let k(f) = -22*f - 25. What is the tens digit of k(-4)?
6
Let y be (-2 - -12)/(2 + -1). Suppose -z = -y - 2. What is the units digit of -2*-2*15/z?
5
Let n(y) = y**2 + y + 2. Let u be n(-2). Suppose t = -u*t. Suppose 0 = -2*b - t + 16. What is the units digit of b?
8
Let m = 4 - -2. Suppose -m = p - 2*p. What is the units digit of (4/(-3))/((-2)/p)?
4
Let t be -1 + (9/(-3) - -9). Suppose 8 = -g + t*g. What is the units digit of g?
2
Suppose 3*g - 2*s - 533 = 0, -2*g + 4*g + 4*s = 334. What is the tens digit of g?
7
Suppose 0 = 4*m - 3*m - 5, -f = -5*m - 134. What is the units digit of f?
9
Let m be 5 + 4 - 2/2. Suppose 86 - m = 3*q. What is the units digit of q?
6
Suppose 0 = -3*h - 5*y + 8 - 3, h + 3*y = 3. Let f = h - -5. What is the units digit of f?
5
Suppose -11 = -4*y + 421. Suppose 4*w + 100 = 2*i, -4*w - 2*i - y = -0*w. What is the units digit of w/(-8) - 12/(-16)?
4
Let w(d) = d**3 - 5*d**2 - 4*d + 17. What is the hundreds digit of w(8)?
1
What is the units digit of -3 - -1 - -7*2?
2
Suppose 5*q - 39 = 21. Suppose 2*g = -g + q. What is the units digit of g?
4
Let n be 2/(2 + (-36)/19). Suppose -b + n = -2*u - 16, 0 = b - 5*u - 47. What is the tens digit of b?
2
Let n be 1 + 6/(-4)*2. Let l = 6 + n. What is the units digit of l?
4
Suppose 4*p = -c + 73, -p - p = c - 37. What is the units digit of p?
8
Let p = 243 + -135. What is the tens digit of p?
0
What is the units digit of 8/24 + 172/6?
9
Let w(o) be the second derivative of -o**3/2 - o. What is the units digit of w(-1)?
3
Let r be 4/(-24) + (-3297)/(-18). Suppose 51 = -4*n + r. What is the units digit of n?
3
Suppose -m + 127 + 21 = 0. What is the hundreds digit of m?
1
Let v be (-11 + 1 + 0)*1. What is the tens digit of ((-64)/(-10))/((-4)/v)?
1
Suppose -4*w + w = -132. What is the tens digit of (1 + -2)/((-4)/w)?
1
Let s = 6 - 3. Suppose s*l + 48 = 4*g - 27, -87 = -5*g - 3*l. What is the tens digit of g?
1
What is the units digit of 1/(-2) + 776/16?
8
Let v(p) = p + 5. Let z be v(0). Suppose -w + 2*q + 0*q + 31 = 0, z*w - 4*q - 131 = 0. What is the tens digit of w?
2
Let k = -13 + 32. What is the tens digit of k?
1
Let i = 258 + -180. What is the units digit of i?
8
Let v be (3 + -1)/(4/6). What is the units digit of v - (2 + (-17 - -3))?
5
Let g(s) = -s**3 - 3*s**2 + 4*s + 5. Let n be g(-4). Let c(j) = 2*j - 5. Let o be c(n). Suppose -25 = -o*l - 0. What is the units digit of l?
5
Let r be 2/(1/((-7)/(-2))). Let d(a) = -a**2 + 3*a + 4. Let v(s) = 2*s**2 - 5*s - 8. Let m(b) = -7*d(b) - 3*v(b). What is the units digit of m(r)?
3
Suppose -2*t - 2*c = 3*t - 14, -2*c - 6 = 0. Suppose 3*k + 6 = 0, -k + 324 = t*y + k. Suppose n + 3*n = 5*d + y, d + 74 = 4*n. What is the units digit of n?
8
Suppose 3*f - 168 = -p - 2*p, -3*p = 4*f - 220. What is the tens digit of f?
5
Let l(j) = 15*j + 5. Let v be l(-5). Let c be (-3)/6 + v/4. What is the units digit of (c/8)/((-12)/32)?
6
What is the tens digit of (-3)/(-4 - (-435)/111)?
3
Let g be 19 + -2 + (0 - 2). Suppose -s = -100 + 15. Suppose 5*t - s = -g. What is the units digit o